
Calculate the remainder when 24312 is divided by 3466.
50
Calculate the remainder when 1437242 is divided by 117.
14
What is the remainder when 4090525 is divided by 43984?
13
What is the remainder when 242292 is divided by 121105?
82
What is the remainder when 4511396 is divided by 1061?
24
What is the remainder when 181242 is divided by 180820?
422
What is the remainder when 3876522 is divided by 23?
10
What is the remainder when 271633 is divided by 13243?
6773
Calculate the remainder when 24263 is divided by 11999.
265
Calculate the remainder when 274238 is divided by 274205.
33
Calculate the remainder when 329833 is divided by 33.
31
Calculate the remainder when 55400 is divided by 10632.
2240
Calculate the remainder when 21038510 is divided by 7012833.
11
Calculate the remainder when 2044113537 is divided by 159.
156
What is the remainder when 263455 is divided by 295?
20
What is the remainder when 72160 is divided by 2799?
2185
What is the remainder when 565890 is divided by 7445?
70
Calculate the remainder when 1889006 is divided by 629599.
209
Calculate the remainder when 752637 is divided by 220.
17
What is the remainder when 123191387 is divided by 172?
171
What is the remainder when 1945206441 is divided by 766?
763
What is the remainder when 23705 is divided by 665?
430
Calculate the remainder when 97294 is divided by 48627.
40
Calculate the remainder when 715614 is divided by 79507.
51
Calculate the remainder when 55117269 is divided by 874877.
18
What is the remainder when 4629252 is divided by 1157312?
4
What is the remainder when 172993 is divided by 1051?
629
What is the remainder when 13548917 is divided by 6774218?
481
What is the remainder when 520633 is divided by 2?
1
What is the remainder when 223293 is divided by 31332?
3969
What is the remainder when 367858811 is divided by 7044?
7043
What is the remainder when 50501771 is divided by 80?
11
Calculate the remainder when 485777 is divided by 69378.
131
What is the remainder when 592616 is divided by 501?
434
What is the remainder when 1652370 is divided by 11?
5
Calculate the remainder when 120994050 is divided by 349.
287
What is the remainder when 336914 is divided by 55958?
1166
Calculate the remainder when 29597 is divided by 2189.
1140
What is the remainder when 597593 is divided by 2213?
83
Calculate the remainder when 636592222 is divided by 1822.
1820
Calculate the remainder when 3229572 is divided by 3229537.
35
What is the remainder when 641606135 is divided by 1541?
1539
Calculate the remainder when 4813201 is divided by 2462.
2453
What is the remainder when 12799148 is divided by 4709?
86
What is the remainder when 69765872 is divided by 84?
8
What is the remainder when 161949 is divided by 14145?
6354
Calculate the remainder when 1972088 is divided by 30.
8
Calculate the remainder when 53346577 is divided by 64.
17
Calculate the remainder when 10216027 is divided by 3449.
89
What is the remainder when 104895 is divided by 17457?
153
What is the remainder when 69147328 is divided by 14?
12
Calculate the remainder when 989980 is divided by 525.
355
Calculate the remainder when 298998 is divided by 32758.
4176
What is the remainder when 102067299 is divided by 51033645?
9
Calculate the remainder when 73915960 is divided by 376.
0
Calculate the remainder when 233736593 is divided by 27.
23
What is the remainder when 4114077 is divided by 2193?
9
Calculate the remainder when 76106 is divided by 290.
126
What is the remainder when 285396 is divided by 76?
16
What is the remainder when 34913214 is divided by 38?
30
Calculate the remainder when 3235977 is divided by 25682.
45
What is the remainder when 1874968 is divided by 247?
238
What is the remainder when 9499155 is divided by 1256?
27
Calculate the remainder when 5496989 is divided by 43.
41
Calculate the remainder when 38958716 is divided by 35.
6
What is the remainder when 44839 is divided by 6154?
1761
Calculate the remainder when 517046 is divided by 51692.
126
What is the remainder when 8982 is divided by 2039?
826
Calculate the remainder when 8236954 is divided by 13350.
4
What is the remainder when 170491 is divided by 85171?
149
Calculate the remainder when 610178520 is divided by 18.
12
Calculate the remainder when 4367269 is divided by 211.
202
What is the remainder when 3667 is divided by 379?
256
Calculate the remainder when 6114434 is divided by 246.
104
Calculate the remainder when 1381052 is divided by 997.
207
What is the remainder when 727642 is divided by 181849?
246
What is the remainder when 146652 is divided by 1174?
1076
What is the remainder when 33671 is divided by 1007?
440
Calculate the remainder when 606376310 is divided by 89.
86
Calculate the remainder when 410675956 is divided by 25.
6
What is the remainder when 136230 is divided by 294?
108
Calculate the remainder when 1398987 is divided by 46.
35
What is the remainder when 660093 is divided by 12454?
31
Calculate the remainder when 453292 is divided by 88416.
11212
What is the remainder when 33826518 is divided by 914230?
8
Calculate the remainder when 7269816 is divided by 3634872.
72
Calculate the remainder when 264672 is divided by 87592.
1896
What is the remainder when 14013002 is divided by 4670998?
8
What is the remainder when 225099 is divided by 2906?
1337
Calculate the remainder when 3030278 is divided by 16.
6
What is the remainder when 384877 is divided by 155?
12
Calculate the remainder when 131321382 is divided by 39.
36
What is the remainder when 29176 is divided by 167?
118
Calculate the remainder when 4732925 is divided by 1577640.
5
Calculate the remainder when 967823 is divided by 322572.
107
What is the remainder when 9980174 is divided by 297?
83
What is the remainder when 166389306 is divided by 1055?
1036
Calculate the remainder when 5932877 is divided by 46714.
199
Calculate the remainder when 654965 is divided by 34.
23
What is the remainder when 172222 is divided by 1486?
1332
What is the remainder when 23095951 is divided by 35?
11
What is the remainder when 346186 is divided by 49366?
624
What is the remainder when 1264372 is divided by 869?
846
What is the remainder when 27665778 is divided by 2575?
2553
What is the remainder when 6415146 is divided by 70?
66
What is the remainder when 10070844 is divided by 2517707?
16
What is the remainder when 2371002 is divided by 1460?
1422
Calculate the remainder when 1087576 is divided by 142.
140
Calculate the remainder when 72444580 is divided by 50874.
4
Calculate the remainder when 123517 is divided by 1530.
1117
What is the remainder when 138000 is divided by 750?
0
Calculate the remainder when 1860177 is divided by 620048.
33
What is the remainder when 2495003 is divided by 2289?
2282
Calculate the remainder when 74355 is divided by 12372.
123
Calculate the remainder when 110998 is divided by 22089.
553
Calculate the remainder when 93965 is divided by 194.
69
What is the remainder when 1391792 is divided by 1492?
1248
Calculate the remainder when 63924 is divided by 3715.
769
What is the remainder when 48730 is divided by 2103?
361
Calculate the remainder when 49298164 is divided by 2347531.
13
What is the remainder when 10548600 is divided by 47?
14
Calculate the remainder when 28711035 is divided by 386.
355
What is the remainder when 36293337 is divided by 7673?
47
What is the remainder when 182427 is divided by 12?
3
What is the remainder when 41510 is divided by 41509?
1
Calculate the remainder when 5639039 is divided by 1879640.
119
What is the remainder when 9545940 is divided by 19?
17
Calculate the remainder when 4604459 is divided by 22.
13
Calculate the remainder when 97053 is divided by 1089.
132
Calculate the remainder when 61443 is divided by 48.
3
Calculate the remainder when 22777894 is divided by 146.
142
Calculate the remainder when 971600 is divided by 70.
0
Calculate the remainder when 1282733 is divided by 153.
134
What is the remainder when 177555 is divided by 743?
721
Calculate the remainder when 444295 is divided by 527.
34
What is the remainder when 110486 is divided by 4091?
29
Calculate the remainder when 9343359 is divided by 363.
102
What is the remainder when 631924 is divided by 14?
6
What is the remainder when 224890